what is 3 + -455b8?
-455b5
In base 7, what is 3225122 + 6?
3225131
In base 6, what is -121 + -123221?
-123342
In base 11, what is -3 + a02a?
a027
In base 14, what is 2 - b12?
-b10
In base 6, what is 3 + -4152205?
-4152202
In base 14, what is -4 + -12075?
-12079
In base 2, what is -100 + 11000110100010110?
11000110100010010
In base 9, what is 1 - -51856?
51857
In base 6, what is -114 - -10001?
5443
In base 12, what is 13 + -19299?
-19286
In base 9, what is -1 + 131700?
131688
In base 14, what is -91d + 49?
-8b4
In base 3, what is 10100022020 - 1?
10100022012
In base 6, what is 11112 - -354?
11510
In base 14, what is -541 + 1257?
b16
In base 11, what is -a - 1647?
-1656
In base 13, what is -a - -61?
54
In base 14, what is 46 - -43?
89
In base 14, what is 129 + 8081?
81aa
In base 16, what is 1d0ed - 2?
1d0eb
In base 10, what is -187 + -2172?
-2359
In base 4, what is 11 - 31101303?
-31101232
In base 7, what is 45 - -50335?
50413
In base 7, what is -5 - -23111?
23103
In base 3, what is 21210211111 - -2?
21210211120
In base 7, what is -134 - -112055?
111621
In base 5, what is -3230 - 1304?
-10034
In base 14, what is 1 + -3b543?
-3b542
In base 16, what is -5 - 115984?
-115989
In base 7, what is -3 + 642652?
642646
In base 3, what is -1 + -120022102?
-120022110
In base 12, what is 3 - 15905a?
-159057
In base 8, what is -30350 - -71?
-30257
In base 10, what is 24 - -215?
239
In base 8, what is 74766 - 1?
74765
In base 15, what is 0 - -a835?
a835
In base 13, what is 10 + -945a?
-944a
In base 2, what is 101 + 111100110010110010?
111100110010110111
In base 15, what is -5921e - -7?
-59217
In base 3, what is 1202020 + 102022?
2011112
In base 10, what is -778 + 9?
-769
In base 3, what is -22020102 + -122?
-22021001
In base 10, what is -38656 - -2?
-38654
In base 11, what is 3529 + 31?
355a
In base 10, what is -1 + 45988?
45987
In base 11, what is a7a5 + 5?
a7aa
In base 13, what is 55 - 4c2a?
-4ba5
In base 12, what is -1360564 + -5?
-1360569
In base 13, what is -17bc + 5?
-17b7
In base 15, what is -77254 - 9?
-7725d
In base 8, what is -53546 + -1?
-53547
In base 13, what is -382935 + -2?
-382937
In base 14, what is 3b53 - 5?
3b4c
In base 3, what is 20110222212111 - 11?
20110222212100
In base 15, what is 5 + a1cc?
a1d2
In base 6, what is 110 - 3053?
-2543
In base 2, what is -11 + 10111010001110?
10111010001011
In base 2, what is 100000111 + -10000100010?
-1100011011
In base 13, what is -4 - -25ab81?
25ab7a
In base 8, what is 0 - -27232?
27232
In base 8, what is -12361 - -61?
-12300
In base 15, what is 99 + b2?
15b
In base 5, what is -3 + 103?
100
In base 16, what is -14 + -6a72?
-6a86
In base 15, what is -b9 + -79?
-143
In base 7, what is 1 - -52066?
52100
In base 5, what is 101 - -341403?
342004
In base 10, what is 275837 - 2?
275835
In base 9, what is -127 + -1787?
-2025
In base 5, what is -311444342 + 3?
-311444334
In base 11, what is -11 + 100a7?
10096
In base 6, what is 145 + -23441?
-23252
In base 6, what is -2155132 + 4?
-2155124
In base 9, what is 3 + -880567?
-880564
In base 2, what is 11110110011 + 100011?
11111010110
In base 15, what is -167 + 92b?
7b4
In base 10, what is -10 - 14500?
-14510
In base 6, what is 1413101 + 1?
1413102
In base 6, what is -3 + 323450?
323443
In base 13, what is -88649 + -3?
-8864c
In base 10, what is -19811 - -1?
-19810
In base 15, what is 5 - -2dc7?
2dcc
In base 15, what is 136 - -7ed?
934
In base 7, what is 3 + 112?
115
In base 13, what is -17b84 - 1?
-17b85
In base 16, what is 2c969 + -10?
2c959
In base 2, what is -11 + -111111110000?
-111111110011
In base 5, what is 1204343 + 13?
1204411
In base 10, what is 11183 - 127?
11056
In base 12, what is 12 - -10389?
1039b
In base 15, what is -4 + b4b?
b47
In base 13, what is 108 - -17a8?
18b3
In base 3, what is 1102 + -110010200?
-110002021
In base 13, what is -15c4 + -45?
-1639
In base 3, what is 20110020122 + 12?
20110020211
In base 15, what is 72 - dda?
-d68
In base 10, what is -2458 + 59?
-2399
In base 7, what is -3 + -42245?
-42251
In base 10, what is -3 - -59720?
59717
In base 12, what is 17032 + -14?
1701a
In base 3, what is -11010022 + 211102?
-10021220
In base 10, what is 1536 + -2?
1534
In base 7, what is 4 + 531022?
531026
In base 15, what is -24d + 2a?
-223
In base 3, what is -102002112201 - 10?
-102002112211
In base 4, what is 13123 - -2121?
21310
In base 6, what is 13012 - 123?
12445
In base 5, what is 4 - -10020302?
10020311
In base 2, what is -11100101 - 11011101000001?
-11100000100110
In base 2, what is 1111101011001 + -101010?
1111100101111
In base 3, what is -20210020 + -121002?
-21101022
In base 14, what is -a5c5d + -4?
-a5c63
In base 4, what is -120232 + 32103?
-22123
In base 15, what is 4 + c3d?
c42
In base 12, what is 6 - 33043?
-33039
In base 15, what is -2c9260 - 5?
-2c9265
In base 4, what is 1003 + -1211?
-202
In base 5, what is 10242 + 243?
11040
In base 8, what is -2752 + 165?
-2565
In base 2, what is -111111 + -100000100110?
-100001100101
In base 13, what is 16993 - 1a?
16976
In base 2, what is 10101011 - 1101011011111?
-1101000110100
In base 3, what is 20 - 21222102111?
-21222102021
In base 2, what is -1101100011001100 + 1000?
-1101100011000100
In base 8, what is -356 + -163?
-541
In base 7, what is 44 - 1160?
-1113
In base 13, what is 4879 + 2?
487b
In base 5, what is 12 - 1202134?
-1202122
In base 14, what is -404 + -1b5?
-5b9
In base 15, what is 14 - 28b71?
-28b5c
In base 15, what is a78ce + -1?
a78cd
In base 14, what is 5 - 10ca?
-10c5
In base 11, what is 6 - 4551a?
-45514
In base 16, what is 4 + c26b9?
c26bd
In base 15, what is -7a85a + -1?
-7a85b
In base 2, what is -1111000 + 100110?
-1010010
In base 6, what is 121 - 553?
-432
In base 7, what is 2 + 63062?
63064
In base 16, what is -b - -615f?
6154
In base 16, what is -ede87 + -4?
-ede8b
In base 14, what is -16 + 561?
549
In base 11, what is -5 + 272458?
272453
In base 6, what is 4 + 223445?
223453
In base 2, what is -100100101101 - 0?
-100100101101
In base 8, what is 0 - 14626?
-14626
In base 3, what is -120 - 20000221?
-20001111
In base 4, what is -1301230 - 2?
-1301232
In base 9, what is 10 - -455877?
455887
In base 10, what is -1 - -8440?
8439
In base 15, what is 215 + d8?
2ed
In base 8, what is 475 - 56?
417
In base 15, what is -1 + -2332a?
-2332b
In base 9, what is -2 + 5774?
5772
In base 5, what is -1231 - -3340?
2104
In base 2, what is 101011110011 + -101010011?
100110100000
In base 15, what is -34 + -35303?
-35337
In base 9, what is 0 - -418261?
418261
In base 13, what is 0 - 2c405?
-2c405
In base 16, what is -143e - -d5?
-1369
In base 4, what is 221 + 1230031?
1230312
In base 4, what is -122303000 - 0?
-122303000
In base 6, what is 1 - 253251?
-253250
In base 15, what is -33e0 - 111?
-3501
In base 4, what is -130210023 + -11?
-130210100
In base 3, what is 2 + 1021210000221?
1021210001000
In base 4, what is -131201 - -110123?
-21012
In base 15, what is -bd2 - 3a?
-c1c
In base 8, what is -1 - -125477?
125476
In base 13, what is 3 - 22a4?
-22a1
In base 2, what is 10 + 1101101110110001?
1101101110110011
In base 13, what is 3 + -11b69?
-11b66
In base 12, what is 5 - 318317?
-318312
In base 5, what is -10324 + 123?
-10201
In base 15, what is -74ba1 + 4?
-74b9c
In base 4, what is -231 - -113132?
112301
In base 15, what is -1 + 58cee?
58ced
In base 15, what is -a00 - b?
-a0b
In base 12, what is -80a + -60?
-86a
In base 11, what is -43 + 1721?
1689
In base 12, what is -926731 - 1?
-926732
In base 14, what is 10bc - -49?
1127
In base 16, what is 25 - -8073?
8098
In base 12, what is -3a0363 + -3?
-3a0366
In base 13, what is 63 + a945?
a9a8
In base 3, what is -1 - 1002100222100?
-1002100222101
In base 3, what is -201 + 100002?
22101
In base 4, what is 200120 + -12?
200102
In base 14, what is -2c7 + -94c?
-c35
In base 5, what is -10 + 22010121?
22010111
In base 11, what is -7624a + -1?
-76250
In base 9, what is 222 + -535?
-313
In base 2, what is -10011 - 110110010101?
-110110101000
In base 14, what is -27 + c581?
c558
In base 14, what is -2 + -2999?
-299b
In base 11, what is -1 - -22a165?
22a164
In base 2, what is -100000101000011 + 11?
-100000101000000
In base 8, what is 52 + 325?
377
In base 9, what is 231734 + 5?
231740
In base 6, what is -1 + -1211114?
-1211115
In base 7, what is -16